{"id":556,"date":"2019-04-09T15:00:34","date_gmt":"2019-04-09T13:00:34","guid":{"rendered":"https:\/\/cravocat-fiscal.com\/?page_id=556"},"modified":"2020-09-17T15:55:11","modified_gmt":"2020-09-17T13:55:11","slug":"operations-triangulaires-tva","status":"publish","type":"page","link":"https:\/\/clementresta-avocat.com\/index.php\/operations-triangulaires-tva\/","title":{"rendered":"Le r\u00e9gime TVA des op\u00e9rations triangulaires"},"content":{"rendered":"\n\t<p>[print_link]<\/p>\n\t<div class=\"addtoany_shortcode\"><div class=\"a2a_kit a2a_kit_size_32 addtoany_list\" data-a2a-url=\"https:\/\/clementresta-avocat.com\/index.php\/operations-triangulaires-tva\/\" data-a2a-title=\"Le r\u00e9gime TVA des op\u00e9rations triangulaires\"><a class=\"a2a_button_facebook\" href=\"https:\/\/www.addtoany.com\/add_to\/facebook?linkurl=https%3A%2F%2Fclementresta-avocat.com%2Findex.php%2Foperations-triangulaires-tva%2F&amp;linkname=Le%20r%C3%A9gime%20TVA%20des%20op%C3%A9rations%20triangulaires\" title=\"Facebook\" rel=\"nofollow noopener\" target=\"_blank\"><\/a><a class=\"a2a_button_twitter\" href=\"https:\/\/www.addtoany.com\/add_to\/twitter?linkurl=https%3A%2F%2Fclementresta-avocat.com%2Findex.php%2Foperations-triangulaires-tva%2F&amp;linkname=Le%20r%C3%A9gime%20TVA%20des%20op%C3%A9rations%20triangulaires\" title=\"Twitter\" rel=\"nofollow noopener\" target=\"_blank\"><\/a><a class=\"a2a_button_email\" href=\"https:\/\/www.addtoany.com\/add_to\/email?linkurl=https%3A%2F%2Fclementresta-avocat.com%2Findex.php%2Foperations-triangulaires-tva%2F&amp;linkname=Le%20r%C3%A9gime%20TVA%20des%20op%C3%A9rations%20triangulaires\" title=\"Email\" rel=\"nofollow noopener\" target=\"_blank\"><\/a><a class=\"a2a_button_linkedin\" href=\"https:\/\/www.addtoany.com\/add_to\/linkedin?linkurl=https%3A%2F%2Fclementresta-avocat.com%2Findex.php%2Foperations-triangulaires-tva%2F&amp;linkname=Le%20r%C3%A9gime%20TVA%20des%20op%C3%A9rations%20triangulaires\" title=\"LinkedIn\" rel=\"nofollow noopener\" target=\"_blank\"><\/a><a class=\"a2a_button_copy_link\" href=\"https:\/\/www.addtoany.com\/add_to\/copy_link?linkurl=https%3A%2F%2Fclementresta-avocat.com%2Findex.php%2Foperations-triangulaires-tva%2F&amp;linkname=Le%20r%C3%A9gime%20TVA%20des%20op%C3%A9rations%20triangulaires\" title=\"Copy Link\" rel=\"nofollow noopener\" target=\"_blank\"><\/a><a class=\"a2a_dd addtoany_share_save addtoany_share\" href=\"https:\/\/www.addtoany.com\/share\"><\/a><\/div><\/div>\n\t<p>Dans cet article, nous pr\u00e9senterons le r\u00e9gime TVA applicable aux\u00a0<strong>op\u00e9rations intracommunautaires dites \u00ab\u00a0triangulaires\u00a0\u00bb<\/strong>\u00a0et le\u00a0<strong>m\u00e9canisme de simplification<\/strong>\u00a0qui en r\u00e9sulte.<\/p>\n<p>Apr\u00e8s avoir d\u00e9fini ce qu&rsquo;on entend par\u00a0<strong>op\u00e9ration triangulaire<\/strong>, nous rappellerons les r\u00e8gles de principe et le r\u00e9gime de simplification pr\u00e9vu par la\u00a0<strong>directive 2006\/112\/CE<\/strong>. Enfin, nous aborderons les cons\u00e9quences pratiques de la mise en oeuvre de cette simplification (mentions sur factures, report dans les d\u00e9clarations etc.) lorsque les r\u00e8gles de TVA fran\u00e7aises ont vocation \u00e0 s&rsquo;appliquer.<\/p>\n<ol>\n<li><a href=\"#t1\">Notion d&rsquo;op\u00e9ration triangulaire<\/a><\/li>\n<li><a href=\"#t2\">Mesure de simplification pr\u00e9vue par la Directive TVA<\/a><\/li>\n<li><a href=\"#t3\">Les op\u00e9rations triangulaires appliqu\u00e9es \u00e0 la France<\/a><\/li>\n<\/ol>\n<h2 id=\"t1\">L&rsquo;op\u00e9ration triangulaire: un flux de livraison de biens mettant en pr\u00e9sence 3 assujettis \u00e0 la TVA<\/h2>\n<p>En r\u00e8gle g\u00e9n\u00e9rale, les op\u00e9rations triangulaires sont d\u00e9finies comme les op\u00e9rations intracommunautaires qui sont r\u00e9alis\u00e9es dans les conditions suivantes :<\/p>\n<ul>\n<li>Un bien fait l\u2019objet d\u2019une livraison par un premier assujetti \u00e0 un deuxi\u00e8me assujetti, qui lui-m\u00eame livre le bien \u00e0 un troisi\u00e8me assujetti, ces trois assujettis \u00e9tant identifi\u00e9s \u00e0 la TVA dans trois Etats membres diff\u00e9rents<\/li>\n<li>Le bien est transport\u00e9 ou exp\u00e9di\u00e9 \u00e0 partir d\u2019un Etat membre vers un autre Etat membre \u00e0 destination de l\u2019assujetti acqu\u00e9reur final<\/li>\n<\/ul>\n<p>L\u2019op\u00e9ration met donc en pr\u00e9sence trois op\u00e9rateurs assujettis \u00e0 la TVA dans trois \u00c9tats membres diff\u00e9rents de l&rsquo;UE (nomm\u00e9s A, B et C), deux flux de facturation (entre A et B et entre B et C) et un flux physique de livraison unique intervenant entre un Etat membre de d\u00e9part A et un Etat membre d\u2019arriv\u00e9e C.<\/p>\n<p><img loading=\"lazy\" decoding=\"async\" src=\"..\/..\/wp-content\/uploads\/2019\/03\/op-tri-300x238.png\" alt=\"\" width=\"300\" height=\"238\" \/><\/p>\n<p>De telles op\u00e9rations, dites triangulaires, sont soumises aux r\u00e8gles de territorialit\u00e9 qui s\u2019appliquent aux livraisons de biens intracommunautaires et, corr\u00e9lativement, aux\u00a0<strong>acquisitions intracommunautaires<\/strong>.<\/p>\n<p>Comme nous le verrons ci-apr\u00e8s, l\u2019application de ces r\u00e8gles conduit en principe l\u2019assujetti B, agissant en qualit\u00e9 de revendeur, \u00e0 s\u2019immatriculer \u00e0 la TVA soit dans le\u00a0<strong>pays de d\u00e9part des biens<\/strong>\u00a0(A), soit dans le pays d\u2019arriv\u00e9e (C).<\/p>\n<p>Ces deux alternatives d\u00e9pendent en fait des conditions contractuelles dans lesquelles le transport du bien a lieu : le transport a-t-il lieu dans la relation A-B ou dans la relation B-C?<\/p>\n<blockquote><p><strong>L\u2019application aux op\u00e9rations triangulaires des r\u00e8gles de principe impliquent en pratique une identification \u00e0 la TVA de l\u2019assujetti B soit dans le pays de d\u00e9part A soit dans le pays d\u2019arriv\u00e9e C des biens<\/strong><\/p><\/blockquote>\n<h3>Cas n\u00b01 : le transport a lieu dans la relation entre l\u2019assujetti A et l\u2019assujetti B<\/h3>\n<p>Si le transport intervient entre l\u2019assujetti A et l\u2019assujetti B, c\u2019est-\u00e0-dire au titre de la premi\u00e8re vente, il faut consid\u00e9rer que cette livraison constitue une livraison intracommunautaire se d\u00e9roulant entre le pays de d\u00e9part A vers le pays de destination C.<\/p>\n<p>Conform\u00e9ment \u00e0 l\u2019article 32 de la directive 2006\/112\/CE, le lieu de taxation de cette op\u00e9ration est le pays de d\u00e9part des marchandises, soit dans notre exemple le pays A.<\/p>\n<p>Pour autant, l\u2019assujetti A pourra exon\u00e9rer la vente si son client, l\u2019assujetti B, lui communique un num\u00e9ro de TVA attribu\u00e9 par l\u2019Etat C. A d\u00e9faut, le m\u00e9canisme du filet de s\u00e9curit\u00e9 impose \u00e0 l\u2019assujetti A de soumettre la vente \u00e0 la TVA de son pays.<\/p>\n<p>Corr\u00e9lativement, l\u2019assujetti B est r\u00e9put\u00e9 r\u00e9aliser une acquisition intracommunautaire dont le lieu de taxation est, en application de l\u2019article 40 de la directive 2006\/112\/CE, le pays d\u2019arriv\u00e9e des biens, dans notre exemple le pays C.<\/p>\n<p>Une telle acquisition est soumise \u00e0\u00a0<strong>auto-liquidation de la TVA<\/strong>\u00a0dans le pays C par l\u2019assujetti B.<\/p>\n<p>Ainsi dans cette configuration, tant pour les besoins de l\u2019exon\u00e9ration de la livraison que la taxation de l\u2019acquisition, il appartient en principe \u00e0 l\u2019op\u00e9rateur B de s\u2019immatriculer \u00e0 la TVA dans l\u2019Etat membre C de destination des biens.<\/p>\n<p>S\u2019agissant de la vente subs\u00e9quente intervenant entre l\u2019assujetti B et l\u2019assujetti C, les r\u00e8gles de taxation sont relativement simples.<\/p>\n<p>En effet, en l\u2019absence de transport (celui-ci ayant eu lieu dans la relation assujetti A \u2013 assujetti B), le lieu de taxation est le pays o\u00f9 se trouvent les biens au moment de la vente (art. 31 de la directive TVA).<\/p>\n<p>Dans notre exemple, la livraison constitue une vente domestique soumise \u00e0 TVA dans l\u2019Etat membre C.<\/p>\n<p>La question de savoir si la TVA du pays C devra \u00eatre appliqu\u00e9e par B sur la vente \u00e0 C d\u00e9pend de l\u2019existence ou non d\u2019un r\u00e9gime d\u2019auto-liquidation dans le pays C lorsque le vendeur n\u2019y est pas \u00e9tabli.<\/p>\n<h3>Cas n\u00b02 : le transport a lieu dans la relation entre l\u2019assujetti B et l\u2019assujetti C<\/h3>\n<p>Dans cette hypoth\u00e8se, la premi\u00e8re vente constitue n\u00e9cessairement une vente locale dont le lieu de taxation se situe dans le pays de d\u00e9part. Cette livraison sera alors classiquement assujettie \u00e0 TVA par le vendeur A.<\/p>\n<p>Il en r\u00e9sulte qu\u2019au titre de la deuxi\u00e8me vente, l\u2019assujetti B r\u00e9alise une livraison intracommunautaire de bien, dont le r\u00e9gime TVA est identique \u00e0 celui d\u00e9crit dans l\u2019hypoth\u00e8se pr\u00e9c\u00e9dente (exon\u00e9ration de TVA).<\/p>\n<p>Corr\u00e9lativement, l\u2019assujetti C r\u00e9alise dans le pays d\u2019arriv\u00e9e C une acquisition intracommunautaire soumise \u00e0 auto-liquidation.<\/p>\n<p>A raison de la livraison intracommunautaire qu\u2019il r\u00e9alise \u00e0 partir du pays A de d\u00e9part des biens, l\u2019assujetti revendeur B sera tenu de s\u2019y immatriculer pour y d\u00e9clarer la vente, bien qu\u2019exon\u00e9r\u00e9e de TVA.<\/p>\n<p>En synth\u00e8se, l\u2019application aux op\u00e9rations triangulaires des r\u00e8gles de principe impliquent en pratique une identification \u00e0 la TVA de l\u2019assujetti B soit dans le pays de d\u00e9part A soit dans le pays d\u2019arriv\u00e9e C des biens :<\/p>\n<p>&nbsp;<\/p>\n\t<p><strong>Hypoth\u00e8se 1:<\/strong><\/p>\n<p>L&rsquo;assujetti B r\u00e9alise une acquisition intracommunautaire dans le pays C suivie d&rsquo;une vente locale<\/p>\n<p><strong>=&gt; Obligation de s&rsquo;immatriculer dans le pays C<\/strong><\/p>\n<p>&nbsp;<\/p>\n\t\t\t\t<img data-recalc-dims=\"1\" loading=\"lazy\" decoding=\"async\" src=\"https:\/\/i0.wp.com\/clementresta-avocat.com\/wp-content\/uploads\/2019\/03\/op-tri.png?resize=327%2C259&#038;ssl=1\" alt=\"op-tri\" itemprop=\"image\" height=\"259\" width=\"327\" title=\"op-tri\" onerror=\"this.style.display='none'\"  \/>\n\t<p><strong>Hypoth\u00e8se 2:<\/strong><\/p>\n<p>L&rsquo;assujetti B r\u00e9alise une achat local dans le pays A suivie d&rsquo;une livraison intracommunautaire au d\u00e9part du pays A<\/p>\n<p><strong>=&gt; Obligation de s&rsquo;immatriculer dans le pays A<\/strong><\/p>\n\t<p>Pour all\u00e9ger les obligations administratives et d\u00e9claratives des assujettis, la <strong>directive TVA<\/strong> pr\u00e9voit toutefois une <strong>mesure de simplification<\/strong> qui permet d\u2019\u00e9viter une <strong>immatriculation \u00e0 la TVA<\/strong> de l\u2019assujetti B.<\/p>\n<h2 id=\"t2\">Mesure de simplification des op\u00e9rations triangulaires pr\u00e9vue par la Directive<\/h2>\n<p>Sous certaines conditions, l\u2019article 141 de la directive TVA pr\u00e9voit que l\u2019assujetti B est dispens\u00e9 du paiement de la taxe sur l\u2019<strong>acquisition intracommunautaire<\/strong> qu\u2019il r\u00e9alise dans le pays C de destination des biens et qu\u2019ainsi, il n\u2019a pas besoin de s\u2019y immatriculer.<\/p>\n<p>Pour que l\u2019exon\u00e9ration de TVA sur cette acquisition s\u2019applique, les conditions suivantes doivent \u00eatre remplies:<\/p>\n<ul>\n<li>l&rsquo;acquisition de biens est effectu\u00e9e par un assujetti qui n&rsquo;est pas \u00e9tabli dans cet <strong>\u00c9tat membre<\/strong>, mais identifi\u00e9 \u00e0 la TVA dans un autre \u00c9tat membre<\/li>\n<li>l&rsquo;acquisition de biens est effectu\u00e9e pour les besoins d&rsquo;une livraison subs\u00e9quente de ces biens, effectu\u00e9e dans ce m\u00eame \u00c9tat membre par l&rsquo;assujetti vis\u00e9 ci-avant<\/li>\n<li>les biens ainsi acquis par l&rsquo;assujetti vis\u00e9 au point a) sont directement exp\u00e9di\u00e9s ou transport\u00e9s \u00e0 partir d&rsquo;un \u00c9tat membre autre que celui \u00e0 l&rsquo;int\u00e9rieur duquel il est identifi\u00e9 \u00e0 la TVA et \u00e0 destination de la personne pour laquelle il effectue la livraison subs\u00e9quente<\/li>\n<li>le destinataire de la livraison subs\u00e9quente est un autre assujetti, ou une personne morale non assujettie, identifi\u00e9s \u00e0 la TVA dans ce m\u00eame \u00c9tat membre<\/li>\n<li>le destinataire a \u00e9t\u00e9 d\u00e9sign\u00e9, conform\u00e9ment \u00e0 l&rsquo;article 197, comme redevable de la taxe due au titre de la livraison effectu\u00e9e par l&rsquo;assujetti qui n&rsquo;est pas \u00e9tabli dans l&rsquo;\u00c9tat membre dans lequel la taxe est due<\/li>\n<\/ul>\n<p>La mesure de simplification est \u00e9galement applicable si l\u2019assujetti B est \u00e9tabli dans un pays tiers, \u00e0 condition d\u2019\u00eatre identifi\u00e9 \u00e0 la TVA dans un Etat membre autre que celui de d\u00e9part ou d\u2019arriv\u00e9e.<\/p>\n<blockquote><p><strong>L&rsquo;application du r\u00e9gime des op\u00e9rations triangulaires \u00e9vite \u00e0 l&rsquo;assujetti-revendeur de devoir s&rsquo;immatriculer \u00e0 la TVA dans le pays de destination des biens.<\/strong><\/p><\/blockquote>\n<h2 id=\"t3\">Les op\u00e9rations triangulaires appliqu\u00e9es \u00e0 la France<\/h2>\n<p>Il faut distinguer trois situations:<\/p>\n<h3>Cas n\u00b01 : la France est le pays C de destination des biens<\/h3>\n<p>Dans ce cas, l\u2019acquisition intracommunautaire r\u00e9alis\u00e9e en France par l\u2019op\u00e9rateur B est exon\u00e9r\u00e9e et c\u2019est \u00e0 l\u2019acqu\u00e9reur final C identifi\u00e9 en France de d\u00e9clarer la taxe aff\u00e9rente \u00e0 la livraison cons\u00e9cutive du bien en France.<\/p>\n<p>L\u2019op\u00e9rateur B doit d\u00e9livrer \u00e0 son client C une facture renseignant :<\/p>\n<ul>\n<li>son num\u00e9ro d\u2019identification \u00e0 la TVA dans l\u2019Etat membre B<\/li>\n<li>le num\u00e9ro d\u2019identification \u00e0 la TVA en France de l\u2019op\u00e9rateur C<\/li>\n<li>la mention : \u00ab Application de l\u2019article 141 de la directive 2006\/112\/CE \u2013 op\u00e9ration triangulaire \u00bb<\/li>\n<\/ul>\n<p>De son c\u00f4te, l\u2019acqu\u00e9reur C a en France les obligations d\u00e9claratives suivantes :<\/p>\n<ul>\n<li>reporter dans une\u00a0<strong>DEB \u00e0 l\u2019introduction<\/strong>\u00a0une acquisition intracommunautaire sous un code r\u00e9gime 11 et indiquant comme pays de provenance l\u2019Etat membre A<\/li>\n<li>reporter la livraison cons\u00e9cutive en France en case 03 comme une acquisition intracommunautaire<\/li>\n<\/ul>\n<h3>Cas n\u00b02 : la France est le pays B (Etat membre interm\u00e9diaire)<\/h3>\n<p>Dans ce cas, l\u2019acquisition intracommunautaire r\u00e9alis\u00e9e dans le pays C de destination par l\u2019op\u00e9rateur B assujetti en France est exon\u00e9r\u00e9e et c\u2019est \u00e0 l\u2019acqu\u00e9reur final C identifi\u00e9 dans le pays de destination de d\u00e9clarer la taxe aff\u00e9rente \u00e0 la livraison cons\u00e9cutive du bien dans ce pays.<\/p>\n<p>L\u2019op\u00e9rateur B doit d\u00e9livrer \u00e0 son client C une facture renseignant :<\/p>\n<ul>\n<li>son num\u00e9ro d\u2019identification \u00e0 la TVA en France<\/li>\n<li>le num\u00e9ro d\u2019identification \u00e0 la TVA de l\u2019op\u00e9rateur C dans le pays de destination C<\/li>\n<li>la mention : \u00ab Application de l\u2019article 141 de la directive 2006\/112\/CE \u2013 op\u00e9ration triangulaire \u00bb<\/li>\n<\/ul>\n<p>Par ailleurs, l\u2019op\u00e9rateur B doit reporter dans une DEB \u00e0 l\u2019exp\u00e9dition une l<strong>ivraison intracommunautaire<\/strong> sous un code r\u00e9gime 31 et indiquant le num\u00e9ro d\u2019identification de l\u2019acqu\u00e9reur dans l\u2019Etat membre C.<\/p>\n<p>Aucun report ne doit \u00eatre fait sur une d\u00e9claration de TVA.<\/p>\n<h3>Cas n\u00b03 : la France est le pays A de d\u00e9part des biens<\/h3>\n<p>Dans ce cas, l\u2019assujetti A r\u00e9alise une livraison intracommunautaire exon\u00e9r\u00e9e \u00e0 destination de l\u2019op\u00e9rateur B.<\/p>\n<p>L\u2019op\u00e9rateur A doit d\u00e9livrer \u00e0 son client B une facture renseignant le num\u00e9ro de TVA attribu\u00e9 \u00e0 ce dernier dans l\u2019Etat membre B et faisant r\u00e9f\u00e9rence \u00e0 l\u2019article 262 ter du CGI.<\/p>\n<p>Par ailleurs, l\u2019op\u00e9rateur A a en France les obligations d\u00e9claratives suivantes :<\/p>\n<ul>\n<li>reporter dans une DEB \u00e0 l\u2019exp\u00e9dition une livraison intracommunautaire sous un code r\u00e9gime 21 et indiquant comme pays de destination l\u2019Etat membre C et le num\u00e9ro d\u2019identification de l\u2019acqu\u00e9reur B dans l\u2019Etat membre B<\/li>\n<li>reporter la livraison \u00e0 destination de l\u2019op\u00e9rateur B en case 06 comme une livraison intracommunautaire<\/li>\n<\/ul>\n\t<p><strong>Voir le r\u00e9sum\u00e9 de l&rsquo;article en vid\u00e9o<\/strong><\/p>\n\t<meta itemprop=\"name\" content=\"op\u00e9ration triangulaire et TVA\" \/><meta itemprop=\"uploadDate\" content=\"2019-01-01\" \/><meta itemprop=\"thumbnailUrl\" content=\"https:\/\/clementresta-avocat.com\/wp-content\/uploads\/2019\/03\/optri-1.jpg\" \/><meta itemprop=\"description\" content=\"Le r\u00e9gime TVA des op\u00e9rations triangulaires en vid\u00e9o\" \/><meta itemprop=\"url\" content=\"https:\/\/clementresta-avocat.com\/wp-content\/uploads\/2019\/04\/Le_r_gime_TVA_des_op_rations_triangulair-1.mp4\" \/><div style=\"width: 100px;\" class=\"wp-video\"><!--[if lt IE 9]><script>document.createElement('video');<\/script><![endif]-->\n<video class=\"wp-video-shortcode\" id=\"video-556-1\" width=\"100\" height=\"100\" preload=\"none\" controls=\"controls\"><source type=\"video\/mp4\" src=\"https:\/\/clementresta-avocat.com\/wp-content\/uploads\/2019\/04\/Le_r_gime_TVA_des_op_rations_triangulair-1.mp4?_=1\" \/><a href=\"https:\/\/clementresta-avocat.com\/wp-content\/uploads\/2019\/04\/Le_r_gime_TVA_des_op_rations_triangulair-1.mp4\">https:\/\/clementresta-avocat.com\/wp-content\/uploads\/2019\/04\/Le_r_gime_TVA_des_op_rations_triangulair-1.mp4<\/a><\/video><\/div>\n","protected":false},"excerpt":{"rendered":"<p>[print_link] Dans cet article, nous pr\u00e9senterons le r\u00e9gime TVA applicable aux\u00a0op\u00e9rations intracommunautaires dites \u00ab\u00a0triangulaires\u00a0\u00bb\u00a0et le\u00a0m\u00e9canisme de simplification\u00a0qui en r\u00e9sulte. Apr\u00e8s avoir d\u00e9fini ce qu&rsquo;on entend par\u00a0op\u00e9ration triangulaire, nous rappellerons les r\u00e8gles de principe et le r\u00e9gime de simplification pr\u00e9vu par la\u00a0directive 2006\/112\/CE. Enfin, nous aborderons les cons\u00e9quences pratiques de la mise en oeuvre de cette&hellip; <br \/> <a class=\"read-more\" href=\"https:\/\/clementresta-avocat.com\/index.php\/operations-triangulaires-tva\/\">Lire la suite<\/a><\/p>\n","protected":false},"author":1,"featured_media":577,"parent":0,"menu_order":0,"comment_status":"closed","ping_status":"closed","template":"","meta":{"footnotes":""},"class_list":["post-556","page","type-page","status-publish","has-post-thumbnail","hentry"],"aioseo_notices":[],"jetpack_sharing_enabled":true,"_links":{"self":[{"href":"https:\/\/clementresta-avocat.com\/index.php\/wp-json\/wp\/v2\/pages\/556","targetHints":{"allow":["GET"]}}],"collection":[{"href":"https:\/\/clementresta-avocat.com\/index.php\/wp-json\/wp\/v2\/pages"}],"about":[{"href":"https:\/\/clementresta-avocat.com\/index.php\/wp-json\/wp\/v2\/types\/page"}],"author":[{"embeddable":true,"href":"https:\/\/clementresta-avocat.com\/index.php\/wp-json\/wp\/v2\/users\/1"}],"replies":[{"embeddable":true,"href":"https:\/\/clementresta-avocat.com\/index.php\/wp-json\/wp\/v2\/comments?post=556"}],"version-history":[{"count":17,"href":"https:\/\/clementresta-avocat.com\/index.php\/wp-json\/wp\/v2\/pages\/556\/revisions"}],"predecessor-version":[{"id":1500,"href":"https:\/\/clementresta-avocat.com\/index.php\/wp-json\/wp\/v2\/pages\/556\/revisions\/1500"}],"wp:featuredmedia":[{"embeddable":true,"href":"https:\/\/clementresta-avocat.com\/index.php\/wp-json\/wp\/v2\/media\/577"}],"wp:attachment":[{"href":"https:\/\/clementresta-avocat.com\/index.php\/wp-json\/wp\/v2\/media?parent=556"}],"curies":[{"name":"wp","href":"https:\/\/api.w.org\/{rel}","templated":true}]}}