{"id":598,"date":"2019-04-06T15:50:17","date_gmt":"2019-04-06T13:50:17","guid":{"rendered":"https:\/\/cravocat-fiscal.com\/?page_id=598"},"modified":"2019-04-09T14:28:57","modified_gmt":"2019-04-09T12:28:57","slug":"courrier-reponse-proposition-rectifications","status":"publish","type":"page","link":"https:\/\/clementresta-avocat.com\/index.php\/courrier-reponse-proposition-rectifications\/","title":{"rendered":"Mod\u00e8le de courrier de r\u00e9ponse \u00e0 proposition de rectifications"},"content":{"rendered":"\n\t<h1>T\u00e9l\u00e9chargez notre mod\u00e8le de courrier de r\u00e9ponse \u00e0 proposition de rectifications<\/h1>\n<p>A l&rsquo;issue d&rsquo;un <strong>contr\u00f4le sur pi\u00e8ces<\/strong> ou sur place (<strong>v\u00e9rification de comptabilit\u00e9<\/strong> ou <strong>examen de situation fiscale personnelle)<\/strong>, le fisc peut vous adresser une <strong>proposition de rectifications<\/strong> visant \u00e0 corriger l&rsquo;assiette de vos imp\u00f4ts, qu&rsquo;ils soient personnels ou professionnels.<\/p>\n<p>Vous disposez alors d&rsquo;un <strong>d\u00e9lai de 30 jours<\/strong> pour faire conna\u00eetre vos observations sur cette p<strong>roposition de redressement<\/strong>, d\u00e9lai \u00e9ventuellement <a href=\"https:\/\/clementresta-avocat.com\/index.php\/modele-prorogation-delai-reponse-proposition-rectifications\/\">prorog\u00e9<\/a> \u00e0 60 jours en cas de demande formul\u00e9e dans le d\u00e9lai de 30 jours (sauf cas d&rsquo;imposition d&rsquo;office).<\/p>\n<h2>Comment r\u00e9pondre \u00e0 la proposition de rectifications<\/h2>\nDans sa proposition de rectifications, l&rsquo;administration fiscale invite le contribuable \u00ab <em>\u00e0 faire parvenir son acceptation ou ses observations dans un d\u00e9lai de trente jours \u00e0 compter de la r\u00e9ception de la proposition<\/em> \u00bb.\nL&rsquo;ouverture du <strong>d\u00e9lai de trente jours<\/strong>, \u00e9ventuellement prorog\u00e9, pour r\u00e9pondre \u00e0 la notification de redressement, ouvre au contribuable concern\u00e9 les possibilit\u00e9s suivantes:\n<ul>\n<li>Accepter formellement les rappels propos\u00e9s<\/li>\n<li>Accepter tacitement les rappels propos\u00e9s en s&rsquo;abstenant de r\u00e9pondre dans le d\u00e9lai de 30 jours (ou 60 jours)<\/li>\n<li>Contester tout ou partie des rappels propos\u00e9s<\/li>\n<\/ul>\n<p>La contestation peut consister en un refus pur et simple ou en une contestation argument\u00e9e.<\/p>\n<p>Si la contestation est motiv\u00e9e, l&rsquo;administration sera tenue d&rsquo;y r\u00e9pondre point par point afin de respecter les dispositions de l&rsquo;article <strong>L.57 du Livre des Proc\u00e9dures Fiscales<\/strong>.<\/p>\n<h2>Forme de la r\u00e9ponse \u00e0 la proposition de rectifications<\/h2>\n<p>Il est possible, mais d\u00e9conseill\u00e9, de r\u00e9pondre oralement aux rappels propos\u00e9s.<\/p>\n<p>Dans ce cas, le service v\u00e9rificateur consignera par \u00e9crit la teneur des observations orales du contribuable, afin de garder une trace au dossier.<\/p>\n<p>Mais dans la plupart des cas, il faudra r\u00e9pondre par \u00e9crit \u00e0 la proposition de rectifications et de pr\u00e9f\u00e9rence par lettre recommand\u00e9e avec accus\u00e9 de r\u00e9ception afin de justifier du respect du d\u00e9lai de r\u00e9ponse.<\/p>\n<h2>Notre mod\u00e8le de r\u00e9ponse \u00e0 une proposition de rectifications<\/h2>\n<p>Notre mod\u00e8le, t\u00e9l\u00e9chargeable au format word, comprend:<\/p>\n<ul>\n<li>le courrier valant observations du contribuable<\/li>\n<li>une notice vous permettant d&rsquo;identifier le service des imp\u00f4ts destinataire de votre envoi<\/li>\n<\/ul>\n           \r\n            <div class=\"onp-locker-call\" style=\"display: none;\" data-lock-id=\"onpLock636678\">\r\n                <p><\/p>\n<h3><a href=\"..\/..\/wp-content\/uploads\/2019\/03\/Observations-du-contribuable.doc\">Mod\u00e8le d&rsquo;observations du contribuable<\/a><\/h3>\n<h3><a href=\"..\/..\/wp-content\/uploads\/2019\/03\/Notice_Trouver-votre-SIE-ou-SIP.pdf\">Notice_Trouver votre SIE ou SIP<\/a><\/h3>\n<p><\/p>\r\n            <\/div>\r\n         \r\n\r\n        \n","protected":false},"excerpt":{"rendered":"<p>T\u00e9l\u00e9chargez notre mod\u00e8le de courrier de r\u00e9ponse \u00e0 proposition de rectifications A l&rsquo;issue d&rsquo;un contr\u00f4le sur pi\u00e8ces ou sur place (v\u00e9rification de comptabilit\u00e9 ou examen de situation fiscale personnelle), le fisc peut vous adresser une proposition de rectifications visant \u00e0 corriger l&rsquo;assiette de vos imp\u00f4ts, qu&rsquo;ils soient personnels ou professionnels. Vous disposez alors d&rsquo;un d\u00e9lai&hellip; <br \/> <a class=\"read-more\" href=\"https:\/\/clementresta-avocat.com\/index.php\/courrier-reponse-proposition-rectifications\/\">Lire la suite<\/a><\/p>\n","protected":false},"author":1,"featured_media":552,"parent":0,"menu_order":0,"comment_status":"closed","ping_status":"closed","template":"","meta":{"footnotes":""},"class_list":["post-598","page","type-page","status-publish","has-post-thumbnail","hentry"],"aioseo_notices":[],"jetpack_sharing_enabled":true,"_links":{"self":[{"href":"https:\/\/clementresta-avocat.com\/index.php\/wp-json\/wp\/v2\/pages\/598","targetHints":{"allow":["GET"]}}],"collection":[{"href":"https:\/\/clementresta-avocat.com\/index.php\/wp-json\/wp\/v2\/pages"}],"about":[{"href":"https:\/\/clementresta-avocat.com\/index.php\/wp-json\/wp\/v2\/types\/page"}],"author":[{"embeddable":true,"href":"https:\/\/clementresta-avocat.com\/index.php\/wp-json\/wp\/v2\/users\/1"}],"replies":[{"embeddable":true,"href":"https:\/\/clementresta-avocat.com\/index.php\/wp-json\/wp\/v2\/comments?post=598"}],"version-history":[{"count":9,"href":"https:\/\/clementresta-avocat.com\/index.php\/wp-json\/wp\/v2\/pages\/598\/revisions"}],"predecessor-version":[{"id":712,"href":"https:\/\/clementresta-avocat.com\/index.php\/wp-json\/wp\/v2\/pages\/598\/revisions\/712"}],"wp:featuredmedia":[{"embeddable":true,"href":"https:\/\/clementresta-avocat.com\/index.php\/wp-json\/wp\/v2\/media\/552"}],"wp:attachment":[{"href":"https:\/\/clementresta-avocat.com\/index.php\/wp-json\/wp\/v2\/media?parent=598"}],"curies":[{"name":"wp","href":"https:\/\/api.w.org\/{rel}","templated":true}]}}