{"id":631,"date":"2019-04-06T15:50:45","date_gmt":"2019-04-06T13:50:45","guid":{"rendered":"https:\/\/cravocat-fiscal.com\/?page_id=631"},"modified":"2019-04-09T14:31:36","modified_gmt":"2019-04-09T12:31:36","slug":"modele-prorogation-delai-reponse-proposition-rectifications","status":"publish","type":"page","link":"https:\/\/clementresta-avocat.com\/index.php\/modele-prorogation-delai-reponse-proposition-rectifications\/","title":{"rendered":"Mod\u00e8le de demande de prorogation du d\u00e9lai de r\u00e9ponse \u00e0 proposition de rectifications"},"content":{"rendered":"\n\t<h1>T\u00e9l\u00e9chargez notre mod\u00e8le de demande de prorogation du d\u00e9lai de r\u00e9ponse \u00e0 une proposition de rectifications<\/h1>\n<p>Suite \u00e0 un <strong>contr\u00f4le fiscal<\/strong>, vous \u00eates destinataire d&rsquo;une <strong>proposition de rectifications<\/strong> modifiant l&rsquo;assiette de vos imp\u00f4ts (personnels ou professionnels).<\/p>\n<p>Vous disposez en principe d&rsquo;un d\u00e9lai pour y <a href=\"..\/courrier-reponse-proposition-rectifications\/\">r\u00e9pondre<\/a> fix\u00e9 \u00e0 30 jours.<\/p>\n<p>Ce d\u00e9lai peut toutefois, dans certains cas, \u00eatre prorog\u00e9 \u00e0 60 jours.<\/p>\n<h2>Cas d&rsquo;ouverture du d\u00e9lai de prorogation pour r\u00e9pondre \u00e0 un redressement fiscal<\/h2>\nEn premi\u00e8re page de la proposition de rectifications, l&rsquo;administration fiscale invite le contribuable \u00ab <em>\u00e0 faire parvenir son acceptation ou ses observations dans un d\u00e9lai de trente jours \u00e0 compter de la r\u00e9ception de la proposition<\/em> \u00bb.\n<p>L&rsquo;article <strong>L.57 du Livre des Proc\u00e9dures Fiscales<\/strong> (LPF) pr\u00e9voit \u00e9galement que, sur demande du contribuable re\u00e7ue par l&rsquo;administration avant l&rsquo;expiration du <strong>d\u00e9lai de 30 jours<\/strong>, ce d\u00e9lai est <strong>prorog\u00e9<\/strong> de trente jours.<\/p>\n<p>Ainsi, le d\u00e9lai de r\u00e9ponse \u00e0 une proposition de redressement peut \u00eatre au maximum de 60 jours, \u00e0 condition d&rsquo;avoir demand\u00e9 sa <strong>prorogation<\/strong> dans les 30 jours de la r\u00e9ception de la proposition.<\/p>\n<p>Une telle prorogation est toutefois r\u00e9serv\u00e9e aux rappels notifi\u00e9s dans le cadre de proc\u00e9dures dites contradictoires, c&rsquo;est \u00e0 dire dans lesquelles les droits et garanties du contribuable sont les plus \u00e9tendus.<\/p>\n<p>A l&rsquo;inverse, lorsque le contribuable se trouve dans une situation de <strong>taxation ou d&rsquo;imposition d&rsquo;office<\/strong>, le d\u00e9lai de r\u00e9ponse est limit\u00e9 \u00e0 30 jours.<\/p>\n<p>Il en est de m\u00eame pour les proc\u00e9dures concernant les imp\u00f4ts directs locaux (taxe d&rsquo;habitation, taxe fonci\u00e8re, CFE etc.) qui sont exclus de la <strong>proc\u00e9dure contradictoire<\/strong>.<\/p>\n<p>Il convient donc de vous assurer que vous remplissez les conditions de la prorogation, sous peine, en cas de r\u00e9ponse tardive, de perdre les effets d&rsquo;une r\u00e9ponse dans les d\u00e9lais.<\/p>\n<p>En effet, en cas de r\u00e9ponse tardive \u00e0 une proposition de rectifications, le contribuable conserve le droit de r\u00e9clamer contre l&rsquo;imposition mise \u00e0 sa charge, mais la charge de la preuve lui incombe.<\/p>\n<p>A l&rsquo;inverse, si les rappels propos\u00e9s sont contest\u00e9s par voie d&rsquo;observations adress\u00e9es au Service v\u00e9rificateur dans le d\u00e9lai imparti (30 jours port\u00e9s \u00e0 60 en cas de prorogation), la preuve du bien-fond\u00e9 des rappels repose sur l&rsquo;administration, en cas de contestation port\u00e9e devant un Tribunal.<\/p>\n<h2>Forme de la demande de prorogation du d\u00e9lai de r\u00e9ponse<\/h2>\n<p>Il convient d&rsquo;adresser au service v\u00e9rificateur un courrier, de pr\u00e9f\u00e9rence par LRAR, sollicitant la prorogation du d\u00e9lai de r\u00e9ponse \u00e0 60 jours.<\/p>\n<p>Ce courrier doit \u00eatre adress\u00e9 imp\u00e9rativement dans les 30 jours de la r\u00e9ception de la proposition de rectifications.<\/p>\nLes demandes de prorogation du d\u00e9lai de r\u00e9ponse pr\u00e9sent\u00e9es tardivement ne sont pas prises en compte sauf circonstances exceptionnelles invoqu\u00e9es par le contribuable.\n<p>N&rsquo;h\u00e9sitez pas \u00e0 utiliser notre mod\u00e8le de courrier.<\/p>\n<h2>Notre mod\u00e8le de demande de prorogation du d\u00e9lai de r\u00e9ponse \u00e0 proposition de rectifications<\/h2>\n<p>Notre mod\u00e8le, t\u00e9l\u00e9chargeable au format word, comprend:<\/p>\n<ul>\n<li>le courrier valant <strong>demande de prorogation du d\u00e9lai de r\u00e9ponse<\/strong><\/li>\n<li>une notice vous permettant d&rsquo;identifier le service des imp\u00f4ts destinataire de votre envoi<\/li>\n<\/ul>\n           \r\n            <div class=\"onp-locker-call\" style=\"display: none;\" data-lock-id=\"onpLock384919\">\r\n                <p><\/p>\n<h3><a href=\"..\/..\/wp-content\/uploads\/2019\/04\/Controle-fiscal_Prorogation-du-delai-de-reponse.doc\">Courrier de prorogation du d\u00e9lai de r\u00e9ponse \u00e0 60 j.<\/a><\/h3>\n<h3><a href=\"..\/..\/wp-content\/uploads\/2019\/03\/Notice_Trouver-votre-SIE-ou-SIP.pdf\">Notice_Trouver votre SIE ou SIP<\/a><\/h3>\n<p><\/p>\r\n            <\/div>\r\n         \r\n\r\n        \n","protected":false},"excerpt":{"rendered":"<p>T\u00e9l\u00e9chargez notre mod\u00e8le de demande de prorogation du d\u00e9lai de r\u00e9ponse \u00e0 une proposition de rectifications Suite \u00e0 un contr\u00f4le fiscal, vous \u00eates destinataire d&rsquo;une proposition de rectifications modifiant l&rsquo;assiette de vos imp\u00f4ts (personnels ou professionnels). Vous disposez en principe d&rsquo;un d\u00e9lai pour y r\u00e9pondre fix\u00e9 \u00e0 30 jours. Ce d\u00e9lai peut toutefois, dans certains&hellip; <br \/> <a class=\"read-more\" href=\"https:\/\/clementresta-avocat.com\/index.php\/modele-prorogation-delai-reponse-proposition-rectifications\/\">Lire la suite<\/a><\/p>\n","protected":false},"author":1,"featured_media":552,"parent":0,"menu_order":0,"comment_status":"closed","ping_status":"closed","template":"","meta":{"footnotes":""},"class_list":["post-631","page","type-page","status-publish","has-post-thumbnail","hentry"],"aioseo_notices":[],"jetpack_sharing_enabled":true,"_links":{"self":[{"href":"https:\/\/clementresta-avocat.com\/index.php\/wp-json\/wp\/v2\/pages\/631","targetHints":{"allow":["GET"]}}],"collection":[{"href":"https:\/\/clementresta-avocat.com\/index.php\/wp-json\/wp\/v2\/pages"}],"about":[{"href":"https:\/\/clementresta-avocat.com\/index.php\/wp-json\/wp\/v2\/types\/page"}],"author":[{"embeddable":true,"href":"https:\/\/clementresta-avocat.com\/index.php\/wp-json\/wp\/v2\/users\/1"}],"replies":[{"embeddable":true,"href":"https:\/\/clementresta-avocat.com\/index.php\/wp-json\/wp\/v2\/comments?post=631"}],"version-history":[{"count":13,"href":"https:\/\/clementresta-avocat.com\/index.php\/wp-json\/wp\/v2\/pages\/631\/revisions"}],"predecessor-version":[{"id":714,"href":"https:\/\/clementresta-avocat.com\/index.php\/wp-json\/wp\/v2\/pages\/631\/revisions\/714"}],"wp:featuredmedia":[{"embeddable":true,"href":"https:\/\/clementresta-avocat.com\/index.php\/wp-json\/wp\/v2\/media\/552"}],"wp:attachment":[{"href":"https:\/\/clementresta-avocat.com\/index.php\/wp-json\/wp\/v2\/media?parent=631"}],"curies":[{"name":"wp","href":"https:\/\/api.w.org\/{rel}","templated":true}]}}