{"id":648,"date":"2019-04-06T15:51:33","date_gmt":"2019-04-06T13:51:33","guid":{"rendered":"https:\/\/cravocat-fiscal.com\/?page_id=648"},"modified":"2019-04-09T14:24:41","modified_gmt":"2019-04-09T12:24:41","slug":"modele-prorogation-engagement-construire","status":"publish","type":"page","link":"https:\/\/clementresta-avocat.com\/index.php\/modele-prorogation-engagement-construire\/","title":{"rendered":"Mod\u00e8le de prorogation d&rsquo;engagement de construire"},"content":{"rendered":"\n\t<h1>T\u00e9l\u00e9chargez notre mod\u00e8le de prorogation du d\u00e9lai d&rsquo;un engagement de construire<\/h1>\n<p>Pour \u00e9viter une double taxation aux <strong>droits d&rsquo;enregistrement<\/strong> et \u00e0 la TVA au titre d&rsquo;une m\u00eame op\u00e9ration immobili\u00e8re, l&rsquo;assujetti qui ach\u00e8te un bien en vue d&rsquo;y construire un immeuble neuf peut prendre un <a href=\"https:\/\/clementresta-avocat.com\/index.php\/modele-substitution-engagement-revendre\/\">engagement de construire<\/a>.<\/p>\n<p>Si un tel engagement est pris, l&rsquo;achat du bien immeuble est assujetti uniquement aux droits d&rsquo;enregistrement au tarif de 125 \u20ac.<\/p>\n<h2>D\u00e9lai de l&rsquo;engagement de construire<\/h2>\n<p>L&rsquo;objet d&rsquo;un engagement de construire consiste \u00e0 effectuer:<\/p>\n<ul>\n<li>des travaux conduisant \u00e0 la production d&rsquo;un <strong>immeuble neuf<\/strong> ou<\/li>\n<li>des travaux n\u00e9cessaires pour terminer un immeuble inachev\u00e9.<\/li>\n<\/ul>\n<p>Ainsi l&rsquo;engagement peut \u00eatre pris lors de l&rsquo;acquisition d&rsquo;un <strong>terrain \u00e0 b\u00e2tir<\/strong>, d&rsquo;un b\u00e2timent existant consid\u00e9r\u00e9 comme ancien ou d&rsquo;un b\u00e2timent existant inachev\u00e9.<\/p>\n<p>L&rsquo;assujetti qui prend un engagement de construire doit r\u00e9aliser cet engagement dans un <strong>d\u00e9lai de 4 ans<\/strong>.<\/p>\n<p>L&rsquo;exon\u00e9ration est donc subordonn\u00e9e \u00e0 la justification par l&rsquo;assujetti qui acquiert le bien de la r\u00e9alisation des travaux auxquels il s&rsquo;est engag\u00e9 dans le d\u00e9lai imparti de 4 ans.<\/p>\n<p>Ce d\u00e9lai peut toutefois \u00eatre prorog\u00e9.<\/p>\n<h2>Condition de la prorogation du d\u00e9lai de l&rsquo;engagement de construire<\/h2>\nSur demande de l&rsquo;acqu\u00e9reur, une <strong>prolongation du d\u00e9lai<\/strong> de quatre ans peut \u00eatre accord\u00e9e par l&rsquo;administration fiscale.\n<p>Cette prolongation est accord\u00e9e par le directeur d\u00e9partemental ou r\u00e9gional des finances publiques du lieu de situation de l&rsquo;immeuble.<\/p>\nLa demande doit \u00eatre formul\u00e9e au plus tard dans le mois qui suit l&rsquo;expiration du d\u00e9lai de quatre ans.\n<p>La demande est adress\u00e9e par LRAR, par courrier motiv\u00e9 rappelant les conditions de l&rsquo;engagement de construire initial.<\/p>\n<p>Il convient d&rsquo;expliciter les raisons objectives qui justifient le non-respect du d\u00e9lai initial ainsi que l&rsquo;extension du d\u00e9lai.<\/p>\n<p>Il convient de pr\u00e9ciser la consistance des travaux concern\u00e9s par l&rsquo;engagement de construire et le montant des droits exon\u00e9r\u00e9s sous condition de r\u00e9alisation de l&rsquo;engagement de construire.<\/p>\nLa prorogation accord\u00e9e peut \u00eatre renouvel\u00e9e dans les m\u00eames conditions.\n<h2>Notre mod\u00e8le de demande de prorogation de l&rsquo;engagement de construire<\/h2>\n<p>Notre mod\u00e8le, t\u00e9l\u00e9chargeable au format word, comprend:<\/p>\n<ul>\n<li>le courrier valant demande de prorogation de l&rsquo;engagement de construire<\/li>\n<li>une notice vous permettant d&rsquo;identifier le service des imp\u00f4ts destinataire de votre envoi<\/li>\n<\/ul>\n           \r\n            <div class=\"onp-locker-call\" style=\"display: none;\" data-lock-id=\"onpLock135317\">\r\n                <p><\/p>\n<h3><a href=\"..\/..\/wp-content\/uploads\/2019\/04\/Prorogation-engagement-de-construire.doc\">Prorogation engagement de construire<\/a><\/h3>\n<h3><a href=\"..\/..\/wp-content\/uploads\/2019\/03\/Notice_Trouver-votre-SIE-ou-SIP.pdf\">Notice_Trouver votre SIE ou SIP<\/a><\/h3>\n<p><\/p>\r\n            <\/div>\r\n         \r\n\r\n        \n","protected":false},"excerpt":{"rendered":"<p>T\u00e9l\u00e9chargez notre mod\u00e8le de prorogation du d\u00e9lai d&rsquo;un engagement de construire Pour \u00e9viter une double taxation aux droits d&rsquo;enregistrement et \u00e0 la TVA au titre d&rsquo;une m\u00eame op\u00e9ration immobili\u00e8re, l&rsquo;assujetti qui ach\u00e8te un bien en vue d&rsquo;y construire un immeuble neuf peut prendre un engagement de construire. Si un tel engagement est pris, l&rsquo;achat du&hellip; <br \/> <a class=\"read-more\" href=\"https:\/\/clementresta-avocat.com\/index.php\/modele-prorogation-engagement-construire\/\">Lire la suite<\/a><\/p>\n","protected":false},"author":1,"featured_media":552,"parent":0,"menu_order":0,"comment_status":"closed","ping_status":"closed","template":"","meta":{"footnotes":""},"class_list":["post-648","page","type-page","status-publish","has-post-thumbnail","hentry"],"aioseo_notices":[],"jetpack_sharing_enabled":true,"_links":{"self":[{"href":"https:\/\/clementresta-avocat.com\/index.php\/wp-json\/wp\/v2\/pages\/648","targetHints":{"allow":["GET"]}}],"collection":[{"href":"https:\/\/clementresta-avocat.com\/index.php\/wp-json\/wp\/v2\/pages"}],"about":[{"href":"https:\/\/clementresta-avocat.com\/index.php\/wp-json\/wp\/v2\/types\/page"}],"author":[{"embeddable":true,"href":"https:\/\/clementresta-avocat.com\/index.php\/wp-json\/wp\/v2\/users\/1"}],"replies":[{"embeddable":true,"href":"https:\/\/clementresta-avocat.com\/index.php\/wp-json\/wp\/v2\/comments?post=648"}],"version-history":[{"count":7,"href":"https:\/\/clementresta-avocat.com\/index.php\/wp-json\/wp\/v2\/pages\/648\/revisions"}],"predecessor-version":[{"id":709,"href":"https:\/\/clementresta-avocat.com\/index.php\/wp-json\/wp\/v2\/pages\/648\/revisions\/709"}],"wp:featuredmedia":[{"embeddable":true,"href":"https:\/\/clementresta-avocat.com\/index.php\/wp-json\/wp\/v2\/media\/552"}],"wp:attachment":[{"href":"https:\/\/clementresta-avocat.com\/index.php\/wp-json\/wp\/v2\/media?parent=648"}],"curies":[{"name":"wp","href":"https:\/\/api.w.org\/{rel}","templated":true}]}}