{"id":651,"date":"2019-04-06T15:49:35","date_gmt":"2019-04-06T13:49:35","guid":{"rendered":"https:\/\/cravocat-fiscal.com\/?page_id=651"},"modified":"2020-02-22T18:36:26","modified_gmt":"2020-02-22T17:36:26","slug":"contestation-valeur-locative-cadastrale","status":"publish","type":"page","link":"https:\/\/clementresta-avocat.com\/index.php\/contestation-valeur-locative-cadastrale\/","title":{"rendered":"Mod\u00e8le de courrier de contestation de la valeur locative cadastrale de votre bien"},"content":{"rendered":"\n<h1>T\u00e9l\u00e9chargez notre mod\u00e8le de r\u00e9clamation pour contester la valeur locative cadastrale de votre bien<\/h1>\n<p>La <strong>valeur locative cadastrale<\/strong> (appel\u00e9e aussi&nbsp;<strong>revenu cadastral<\/strong>) des locaux \u00e0 usage d&rsquo;habitation d\u00e9termine le montant de vos imp\u00f4ts locaux, obtenu apr\u00e8s application du taux fix\u00e9 par la collectivit\u00e9 locale concern\u00e9e (commune, d\u00e9partement, r\u00e9gion).<\/p>\n<p>Si vous estimez que la valeur attribu\u00e9e \u00e0 votre immeuble ne correspond pas \u00e0 la r\u00e9alit\u00e9, vous pouvez <a href=\"https:\/\/clementresta-avocat.com\/index.php\/taxe-habitation-et-taxe-fonciere-comment-contester-la-valeur-locative-cadastrale\/\">contester<\/a> celle-ci par voie de r\u00e9clamation.<\/p>\n<p>Voici la marche \u00e0 suivre.<\/p>\n<h2>Obtenez au pr\u00e9alable la communication de la fiche d&rsquo;\u00e9valuation de votre local d&rsquo;habitation<\/h2>\n<p>Avant toute demande de r\u00e9examen de la situation de votre local d&rsquo;habitation, vous devrez obtenir la <strong>fiche d&rsquo;\u00e9valuation<\/strong> de votre habitation.<\/p>\n<p>Il s&rsquo;agit de la carte d&rsquo;identit\u00e9 de votre bien, essentielle pour conna\u00eetre les crit\u00e8res d&rsquo;\u00e9valuation qui ont \u00e9t\u00e9 retenus par les imp\u00f4ts : cat\u00e9gorie affect\u00e9e \u00e0 votre bien, <strong>local de r\u00e9f\u00e9rence<\/strong>, surface pond\u00e9r\u00e9e retenue et tarif au m2 appliqu\u00e9.<\/p>\n<p>Ce document est \u00e0 demander au <strong>Centre des Imp\u00f4ts Fonciers<\/strong> (CIF) dont d\u00e9pend votre bien, par courrier.<\/p>\n<p>Vous pourrez alors conna\u00eetre le local de r\u00e9f\u00e9rence qui a servi \u00e0 la d\u00e9termination du revenu cadastral du bien.<\/p>\n<p>Si vous souhaitez contester le choix de ce local, vous devrez \u00e9galement obtenir du CIF le proc\u00e8s-verbal des locaux de r\u00e9f\u00e9rence de la commune.<\/p>\n<p>Sur ce document figurent les caract\u00e9ristiques du local de comparaison de votre bien, que vous aurez identifi\u00e9 pr\u00e9alablement \u00e0 partir de sa fiche d&rsquo;\u00e9valuation.<\/p>\n<p>Si des diff\u00e9rences objectives et importantes existent entre ce local de comparaison et votre bien (date de construction, localisation, destination, caract\u00e9ristiques physiques etc.), il pourra alors \u00eatre opportun de demander un changement du local de r\u00e9f\u00e9rence.<\/p>\n<p>Il faudra toutefois proposer un autre local de r\u00e9f\u00e9rence sur la commune, dont les caract\u00e9ristiques sont plus proches du votre.<\/p>\n<h3>Dans quels d\u00e9lais et comment contester la valeur locative de votre habitation?<\/h3>\n<p>En mati\u00e8re de taxe d&rsquo;habitation et de taxe fonci\u00e8re, le d\u00e9lai pour r\u00e9clam\u00e9 expire le 31 d\u00e9cembre de l&rsquo;ann\u00e9e suivant celle de la mise en recouvrement.<\/p>\n<p>Ainsi, la taxe fonci\u00e8re 2019, mise en recouvrement en octobre 2019, pourra \u00eatre contest\u00e9e jusqu&rsquo;au 31 d\u00e9cembre 2020 au plus tard.<\/p>\n<h2>Notre mod\u00e8le de courrier pour contester la valeur locative cadastrale de votre bien<\/h2>\n<p>Notre mod\u00e8le, t\u00e9l\u00e9chargeable au format word, comprend:<\/p>\n<ul>\n<li>les courriers pr\u00e9alable \u00e0 adresser au CIF<\/li>\n<li>Un mod\u00e8le de r\u00e9clamation visant \u00e0 contester la valeur locative cadastrale de votre bien<\/li>\n<\/ul>\n           \r\n            <div class=\"onp-locker-call\" style=\"display: none;\" data-lock-id=\"onpLock525834\">\r\n                <p><\/p>\n<h3><a href=\"..\/..\/wp-content\/uploads\/2019\/04\/Reclamation-rectification-de-la-valeur-locative.doc\">Reclamation &#8211; rectification de la valeur locative<\/a><\/h3>\n<h3><a href=\"..\/..\/wp-content\/uploads\/2019\/04\/Impots-fonciers-Communication-Fiche-de-calcul-de-la-valeur-locative.doc\">CIF-fiche de calcul VLC<\/a><\/h3>\n<h3><a href=\"..\/..\/wp-content\/uploads\/2019\/04\/Impots-fonciers-Communication-Fiche-de-calcul-de-la-valeur-locative-du-local-de-r\u00e9f\u00e9rence.doc\">CIF-fiche de calcul VLC local de r\u00e9f\u00e9rence<\/a><\/h3>\n<h3><a href=\"..\/..\/wp-content\/uploads\/2019\/03\/Notice_Trouver-votre-SIE-ou-SIP.pdf\">Notice_Trouver votre SIE ou SIP<\/a><\/h3>\n<p><\/p>\r\n            <\/div>\r\n         \r\n\r\n        \n","protected":false},"excerpt":{"rendered":"<p>T\u00e9l\u00e9chargez notre mod\u00e8le de r\u00e9clamation pour contester la valeur locative cadastrale de votre bien La valeur locative cadastrale (appel\u00e9e aussi&nbsp;revenu cadastral) des locaux \u00e0 usage d&rsquo;habitation d\u00e9termine le montant de vos imp\u00f4ts locaux, obtenu apr\u00e8s application du taux fix\u00e9 par la collectivit\u00e9 locale concern\u00e9e (commune, d\u00e9partement, r\u00e9gion). Si vous estimez que la valeur attribu\u00e9e \u00e0&hellip; <br \/> <a class=\"read-more\" href=\"https:\/\/clementresta-avocat.com\/index.php\/contestation-valeur-locative-cadastrale\/\">Lire la suite<\/a><\/p>\n","protected":false},"author":1,"featured_media":552,"parent":0,"menu_order":0,"comment_status":"closed","ping_status":"closed","template":"","meta":{"footnotes":""},"class_list":["post-651","page","type-page","status-publish","has-post-thumbnail","hentry"],"aioseo_notices":[],"jetpack_sharing_enabled":true,"_links":{"self":[{"href":"https:\/\/clementresta-avocat.com\/index.php\/wp-json\/wp\/v2\/pages\/651","targetHints":{"allow":["GET"]}}],"collection":[{"href":"https:\/\/clementresta-avocat.com\/index.php\/wp-json\/wp\/v2\/pages"}],"about":[{"href":"https:\/\/clementresta-avocat.com\/index.php\/wp-json\/wp\/v2\/types\/page"}],"author":[{"embeddable":true,"href":"https:\/\/clementresta-avocat.com\/index.php\/wp-json\/wp\/v2\/users\/1"}],"replies":[{"embeddable":true,"href":"https:\/\/clementresta-avocat.com\/index.php\/wp-json\/wp\/v2\/comments?post=651"}],"version-history":[{"count":9,"href":"https:\/\/clementresta-avocat.com\/index.php\/wp-json\/wp\/v2\/pages\/651\/revisions"}],"predecessor-version":[{"id":1209,"href":"https:\/\/clementresta-avocat.com\/index.php\/wp-json\/wp\/v2\/pages\/651\/revisions\/1209"}],"wp:featuredmedia":[{"embeddable":true,"href":"https:\/\/clementresta-avocat.com\/index.php\/wp-json\/wp\/v2\/media\/552"}],"wp:attachment":[{"href":"https:\/\/clementresta-avocat.com\/index.php\/wp-json\/wp\/v2\/media?parent=651"}],"curies":[{"name":"wp","href":"https:\/\/api.w.org\/{rel}","templated":true}]}}