{"id":937,"date":"2019-08-09T12:21:22","date_gmt":"2019-08-09T10:21:22","guid":{"rendered":"https:\/\/clementresta-avocat.com\/?page_id=937"},"modified":"2019-08-09T12:21:22","modified_gmt":"2019-08-09T10:21:22","slug":"verification-fiscale","status":"publish","type":"page","link":"https:\/\/clementresta-avocat.com\/index.php\/verification-fiscale\/","title":{"rendered":"La proc\u00e9dure de v\u00e9rification fiscale en mati\u00e8re d&rsquo;imp\u00f4t sur le revenu et d&rsquo;imp\u00f4t sur les soci\u00e9t\u00e9s"},"content":{"rendered":"\n\t <a href=\"https:\/\/clementresta-avocat.com\/\" rel=\"nofollow\" itemprop=\"url\"><img data-recalc-dims=\"1\" loading=\"lazy\" decoding=\"async\" width=\"378\" height=\"79\" src=\"https:\/\/i0.wp.com\/clementresta-avocat.com\/wp-content\/uploads\/2019\/02\/cropped-LogoCR.png?resize=378%2C79&#038;ssl=1\" alt=\"\" itemprop=\"logo\" srcset=\"https:\/\/clementresta-avocat.com\/wp-content\/uploads\/2019\/02\/cropped-LogoCR.png 378w, https:\/\/clementresta-avocat.com\/wp-content\/uploads\/2019\/02\/cropped-LogoCR-300x63.png 300w\" sizes=\"auto, (max-width: 378px) 100vw, 378px\"><\/a><ul id=\"main_menu\"><li id=\"menu-item-18\"><a href=\"https:\/\/clementresta-avocat.com\/\" rel=\"nofollow\" aria-current=\"page\">Accueil<\/a><\/li><li id=\"menu-item-21\"><a href=\"https:\/\/clementresta-avocat.com\/index.php\/contact\/\" rel=\"nofollow\">Contact<\/a><\/li><li id=\"menu-item-359\"><a href=\"https:\/\/clementresta-avocat.com\/index.php\/rdv-en-ligne\/\" rel=\"nofollow\">RDV en ligne<\/a><\/li><li id=\"menu-item-20\"><a href=\"https:\/\/clementresta-avocat.com\/index.php\/blog\/\" rel=\"nofollow\">Blog<\/a><\/li><li id=\"menu-item-19\"><a href=\"https:\/\/clementresta-avocat.com\/index.php\/cgu\/\" rel=\"nofollow\">CGU<\/a><\/li><li id=\"menu-item-668\"><a href=\"https:\/\/clementresta-avocat.com\/index.php\/nos-modeles-documents-fiscaux\/\" rel=\"nofollow\">Nos mod\u00e8les fiscaux<\/a><\/li><\/ul> <a href=\"#\" rel=\"nofollow noopener noreferrer\" data-component=\"offcanvas\" data-target=\"#offcanvas-wrapper\" data-direction=\"right\" data-width=\"300px\" data-push=\"false\" data-loaded=\"true\">  <\/a>\n\t<h1>La proc\u00e9dure de v\u00e9rification fiscale en mati\u00e8re d&rsquo;imp\u00f4t sur le revenu et d&rsquo;imp\u00f4t sur les soci\u00e9t\u00e9s<\/h1>\n<p>Le <a href=\"https:\/\/clementresta-avocat.com\/index.php\/charte-controle-fiscal-entreprise\/#t1\">contr\u00f4le fiscal<\/a> poursuit principalement deux buts :<\/p>\n<ul>\n<li>une finalit\u00e9 budg\u00e9taire qui vise \u00e0 recouvrer l\u2019imp\u00f4t \u00e9lud\u00e9<\/li>\n<li>une finalit\u00e9 de lutte contre la fraude visant \u00e0 sanctionner les comportements les plus frauduleux, \u00e9ventuellement au plan p\u00e9nal<\/li>\n<\/ul>\n<p>Les moyens pour atteindre ces objectifs sont vari\u00e9s, tant dans leur mise en oeuvre que leurs objectifs.<\/p>\n<ol>\n<li><a href=\"#t1\">Les formes du contr\u00f4le fiscal<\/a><\/li>\n<li><a href=\"#t1\">Les autres formes du contr\u00f4le fiscal<\/a><\/li>\n<\/ol>\n<h2 id=\"t1\">Les diff\u00e9rentes formes du contr\u00f4le fiscal et leurs objectifs<\/h2>\n<p>D&rsquo;une mani\u00e8re g\u00e9n\u00e9rale, il est possible de classifier le <a href=\"https:\/\/clementresta-avocat.com\/index.php\/controle-fiscal-entreprise\/#t1\">contr\u00f4le fiscal<\/a> selon deux cat\u00e9gories: le contr\u00f4le sur pi\u00e8ces et le contr\u00f4le sur place.<\/p>\n<h3>Le contr\u00f4le sur pi\u00e8ces<\/h3>\n<p>Le contr\u00f4le sur pi\u00e8ces vise l&rsquo;examen critique des d\u00e9clarations \u00e0 l&rsquo;aide \u00e9l\u00e9ments figurant au dossier fiscal du contribuable.<\/p>\n<p>Il s&rsquo;agit d&rsquo;un examen a pour objet :<\/p>\n<ul>\n<li>de s&rsquo;assurer du respect des obligations d\u00e9claratives en mati\u00e8re d&rsquo;<strong>imp\u00f4t sur le revenu<\/strong>, d&rsquo;<strong>imp\u00f4t sur les soci\u00e9t\u00e9s<\/strong> et des taxes sur le chiffre d&rsquo;affaires<\/li>\n<li>et de la conformit\u00e9 de ses d\u00e9clarations au regard des r\u00e8gles fiscales<\/li>\n<\/ul>\n<p>Un contr\u00f4le sur pi\u00e8ces peut d\u00e9boucher sur\u00a0une <strong>v\u00e9rification de comptabilit\u00e9<\/strong> ou un examen de <strong>situation fiscale personnelle<\/strong> (ESFP), lorsque des doutes subsistent.<\/p>\n<h3>Le contr\u00f4le sur place : la v\u00e9rification de comptabilit\u00e9 et l&rsquo;ESFP<\/h3>\n<p>Dans ces proc\u00e9dures, le contr\u00f4leur des imp\u00f4ts va examiner de fa\u00e7on approfondie\u00a0la situation du contribuable.<\/p>\n<p>Cet\u00a0examen se d\u00e9roule sur place, c&rsquo;est \u00e0 dire au domicile du contribuable en cas d&rsquo;ESFP\u00a0ou\u00a0dans les <strong>locaux de l&rsquo;entreprise<\/strong> v\u00e9rifi\u00e9e en cas de v\u00e9rification de sa comptabilit\u00e9.<\/p>\n<p>En synth\u00e8se, il s&rsquo;agit d&rsquo;un\u00a0<strong>examen contradictoire<\/strong>\u00a0de coh\u00e9rence entre les revenus r\u00e9els du contribuable v\u00e9rifi\u00e9s et ceux qui ressortent de ses d\u00e9clarations.<\/p>\n<p>Pour les entreprises, il s&rsquo;agira notamment de confronter les d\u00e9clarations souscrites \u00e0 la <strong>comptabilit\u00e9 de l&rsquo;entreprise<\/strong>.<\/p>\n<p>A l&rsquo;issue du contr\u00f4le, le contribuable v\u00e9rifi\u00e9 recevra soit un avis d&rsquo;<strong>absence de rectification<\/strong> (rare en pratique) soit une proposition de rectification.<\/p>\n<p>A raison du caract\u00e8re invasif de ces proc\u00e9dures de v\u00e9rification, une s\u00e9rie de garanties sp\u00e9cifiques s&rsquo;appliquent.<\/p>\n<p>Il s&rsquo;agit notamment de l&rsquo;obligation d&rsquo;informer pr\u00e9alablement le contribuable v\u00e9rifier de l&rsquo;engagement du contr\u00f4le.<\/p>\n<p>Il s&rsquo;agit aussi du\u00a0droit \u00e0 l&rsquo;assistance d&rsquo;un <strong>conseil de son choix<\/strong>, avocat ou non, et du respect du <strong>d\u00e9bat oral et contradictoir<\/strong>e.<\/p>\n<p>Il est en g\u00e9n\u00e9ral recommand\u00e9 de recourir aux services d&rsquo;une <strong>avocat fiscaliste<\/strong>.<\/p>\n<p>Ces garanties sont pr\u00e9vues par le livre des\u00a0<a href=\"https:\/\/clementresta-avocat.com\/index.php\/procedures-fiscales\/#t1\"><strong>proc\u00e9dures fiscales<\/strong><\/a>\u00a0et dans la charte des droits et <strong>obligations\u00a0du contribuable v\u00e9rifi\u00e9<\/strong>.<\/p>\n<p>L&rsquo;avocat fiscaliste veillera au respect de ces garanties, en particulier en cas de manquement au principe du d\u00e9bat oral et contradictoire.<\/p>\n<h2 id=\"t2\">Les autres formes de contr\u00f4le fiscal<\/h2>\n<p>A c\u00f4t\u00e9 du <a href=\"https:\/\/clementresta-avocat.com\/index.php\/controle-fiscal-particulier\/#t1\">contr\u00f4le sur pi\u00e8ces ou sur place<\/a>, l&rsquo;administration dispose de plusieurs autres outils de contr\u00f4le, plus ou moins invasifs: le droit de communication, le droit d\u2019enqu\u00eate, le droit de contr\u00f4le des entrep\u00f4ts etc.<\/p>\n<p>Depuis le <strong>1er janvier<\/strong> 2019, il est possible pour les entreprises, y compris en cours de contr\u00f4le fiscal, de b\u00e9n\u00e9ficier d&rsquo;une proc\u00e9dure spontan\u00e9e de r\u00e9gularisation de sa <strong>situation fiscale<\/strong> dans certaines situations particuli\u00e8res (loi ESSOC).<\/p>\n\t<p>Se rendre sur l&rsquo;article de synth\u00e8se: <a href=\"https:\/\/clementresta-avocat.com\/index.php\/2019\/08\/09\/l'organisation-du-controle-fiscal-des-entreprises-en-france\/\">L&rsquo;organisation du contr\u00f4le fiscal des entreprises<\/a><\/p>\n","protected":false},"excerpt":{"rendered":"<p>Accueil Contact RDV en ligne Blog CGU Nos mod\u00e8les fiscaux La proc\u00e9dure de v\u00e9rification fiscale en mati\u00e8re d&rsquo;imp\u00f4t sur le revenu et d&rsquo;imp\u00f4t sur les soci\u00e9t\u00e9s Le contr\u00f4le fiscal poursuit principalement deux buts : une finalit\u00e9 budg\u00e9taire qui vise \u00e0 recouvrer l\u2019imp\u00f4t \u00e9lud\u00e9 une finalit\u00e9 de lutte contre la fraude visant \u00e0 sanctionner les comportements&hellip; <br \/> <a class=\"read-more\" href=\"https:\/\/clementresta-avocat.com\/index.php\/verification-fiscale\/\">Lire la suite<\/a><\/p>\n","protected":false},"author":1,"featured_media":0,"parent":0,"menu_order":0,"comment_status":"closed","ping_status":"closed","template":"blank-slate-template.php","meta":{"footnotes":""},"class_list":["post-937","page","type-page","status-publish","hentry"],"aioseo_notices":[],"jetpack_sharing_enabled":true,"_links":{"self":[{"href":"https:\/\/clementresta-avocat.com\/index.php\/wp-json\/wp\/v2\/pages\/937","targetHints":{"allow":["GET"]}}],"collection":[{"href":"https:\/\/clementresta-avocat.com\/index.php\/wp-json\/wp\/v2\/pages"}],"about":[{"href":"https:\/\/clementresta-avocat.com\/index.php\/wp-json\/wp\/v2\/types\/page"}],"author":[{"embeddable":true,"href":"https:\/\/clementresta-avocat.com\/index.php\/wp-json\/wp\/v2\/users\/1"}],"replies":[{"embeddable":true,"href":"https:\/\/clementresta-avocat.com\/index.php\/wp-json\/wp\/v2\/comments?post=937"}],"version-history":[{"count":4,"href":"https:\/\/clementresta-avocat.com\/index.php\/wp-json\/wp\/v2\/pages\/937\/revisions"}],"predecessor-version":[{"id":1004,"href":"https:\/\/clementresta-avocat.com\/index.php\/wp-json\/wp\/v2\/pages\/937\/revisions\/1004"}],"wp:attachment":[{"href":"https:\/\/clementresta-avocat.com\/index.php\/wp-json\/wp\/v2\/media?parent=937"}],"curies":[{"name":"wp","href":"https:\/\/api.w.org\/{rel}","templated":true}]}}